 + 14*j - 51. What is z(-10)?
9
Let j(d) = -d**2 - 3*d + 1004. Determine j(28).
136
Let y(i) = i**3 - 14*i**2 - 28*i - 40. Calculate y(16).
24
Let h(w) = -2*w**2 - 38*w - 131. Give h(-8).
45
Let c(y) = -109*y - 24637. Give c(-226).
-3
Let f(h) = -10*h**2 + 197*h + 40. Calculate f(20).
-20
Let f(r) = 7*r**2 + r - 15. What is f(-3)?
45
Let c(u) = 2*u**2 + 117*u - 38. Calculate c(-59).
21
Let a(k) = k**3 + 426*k**2 + 11884*k + 1589. Calculate a(-396).
5
Let v(f) = -2*f**3 + 61*f**2 + 19*f + 371. What is v(31)?
-1
Let o(h) = -4*h**2 + 25*h + 112. Give o(-7).
-259
Let n(o) = -5*o + 72. Give n(12).
12
Let o(t) = t**3 - 4*t**2 - 32*t + 114. What is o(4)?
-14
Let r(g) = -g**3 + 2*g**2 + 17*g - 54. Determine r(4).
-18
Let v(g) = -2*g**3 - 7*g**2 + 53*g + 127. Determine v(-2).
9
Let t(c) = 2*c**2 + 5267*c - 31650. Give t(6).
24
Let g(d) = -d**2 - 111*d + 829. Calculate g(-118).
3
Let p(w) = -24*w**3 - 4*w**2 - 4*w + 3. Determine p(-2).
187
Let c(f) = 20*f**2 - 20*f + 72. What is c(-6)?
912
Let i(j) = j**2 + 8*j - 73. Calculate i(-15).
32
Let r(z) = -z**3 + 11*z**2 + 2*z - 180. Calculate r(14).
-740
Let g(q) = 33*q - 343. Determine g(11).
20
Let z(a) = a**2 + 104*a + 1020. Calculate z(-90).
-240
Let k(f) = -657*f + 161634. Give k(246).
12
Let l(n) = 366*n**3 - 6*n**2 - 10*n - 3. Calculate l(-1).
-365
Let k(m) = -m**2 - 158*m + 15970. Calculate k(70).
10
Let g(j) = -j**3 - 35*j**2 + 1779*j - 428. Calculate g(28).
-8
Let s(f) = 2*f**3 - 62*f**2 + 8*f - 262. Give s(31).
-14
Let t(z) = 2*z**2 + 95*z - 307. What is t(3)?
-4
Let b(o) = o**2 + 23*o + 37. Give b(0).
37
Let t(p) = -32*p + 158. Calculate t(-3).
254
Let i(o) = o**3 - 9*o**2 - 19*o + 15. What is i(11)?
48
Let p(b) = b**3 + b**2 + 126*b + 264. What is p(-2)?
8
Let t(r) = 9*r - 272. Give t(-4).
-308
Let n(o) = -46*o + 2033. Determine n(47).
-129
Let w(b) = 2*b**2 - 32*b + 12. Give w(15).
-18
Let w(v) = -v**3 - 9*v**2 - 13*v - 7. What is w(-7)?
-14
Let h(c) = -33*c**2 + 1846*c + 110. Determine h(56).
-2
Let m(a) = 2*a**2 - 52*a + 29. What is m(21)?
-181
Let g(u) = u**3 + 191*u**2 - 385*u + 210. Calculate g(-193).
17
Let n(d) = 8*d - 603. Give n(64).
-91
Let r(c) = c**3 - 8*c**2 + 11*c + 1. Determine r(5).
-19
Let j(n) = -1082*n - 66015. Give j(-61).
-13
Let c(l) = -818*l - 7302. Determine c(-9).
60
Let r(u) = 201*u + 3814. Give r(-19).
-5
Let m(w) = -w**3 - 18*w**2 + 116*w + 1678. Give m(-20).
158
Let l(c) = 2*c**2 - 25*c + 164. Calculate l(11).
131
Let f(z) = -5*z**2 - 69*z + 308. Give f(4).
-48
Let i(h) = 24*h**2 - 983*h - 34. Calculate i(41).
7
Let b(y) = -8*y**2 - 778*y - 196. Give b(-97).
-2
Let l(j) = j**3 - 14*j**2 + 6*j + 85. What is l(13)?
-6
Let p(q) = q**2 - 2*q - 93. What is p(11)?
6
Let g(b) = b**3 + 19*b**2 - 67*b - 16. Give g(-22).
6
Let q(a) = -9*a**3 - 422*a**2 + 44*a - 145. Calculate q(-47).
-4
Let t(d) = 27*d - 150. Determine t(6).
12
Let o(w) = -w**2 + 161*w - 5499. What is o(49)?
-11
Let a(n) = n**3 + 12*n**2 - 12*n + 34. Determine a(-13).
21
Let x(s) = 102*s + 196. What is x(-5)?
-314
Let w(p) = -233*p - 3246. Determine w(-14).
16
Let l(s) = 3*s**2 - 91*s + 210. Calculate l(28).
14
Let r(g) = 360*g + 11878. Determine r(-33).
-2
Let j(w) = w**2 + 24*w - 34. Give j(-33).
263
Let g(r) = r**3 - 6*r**2 + 370*r - 2230. Give g(6).
-10
Let a(g) = 77*g + 643. Give a(-6).
181
Let c(d) = d**3 - 50*d**2 + 89*d + 345. Calculate c(48).
9
Let a(t) = -t**3 + 35*t**2 - 81*t + 485. Calculate a(33).
-10
Let y(k) = 23*k**3 - 5*k**2 + 5*k. What is y(2)?
174
Let z(h) = 125*h - 66. Determine z(1).
59
Let n(i) = 5*i**2 - 5*i + 9. What is n(4)?
69
Let t(g) = -2*g**2 + 238*g - 3128. Calculate t(15).
-8
Let t(i) = 46*i + 3117. What is t(-72)?
-195
Let v(m) = 62*m**2 + 10*m - 11. Give v(1).
61
Let c(g) = 2*g**3 + 146*g**2 + 680*g + 9. Calculate c(-5).
9
Let k(x) = -53*x - 416. Give k(-8).
8
Let m(f) = 224*f + 14756. What is m(-66)?
-28
Let r(f) = 5*f**3 + 30*f**2 - 7*f - 29. What is r(-6)?
13
Let n(p) = -65*p**3 + 11*p**2 - 10*p - 3. What is n(1)?
-67
Let q(m) = 2*m**2 - 112*m + 1318. What is q(17)?
-8
Let n(m) = -3*m**3 - 23*m**2 + 3*m - 15. What is n(-8)?
25
Let x(o) = -8*o - 145. What is x(38)?
-449
Let k(b) = b**3 - 8*b**2 - 17*b - 624. What is k(13)?
0
Let n(w) = -11*w**3 + 592*w**2 + 107*w + 48. Determine n(54).
-6
Let s(n) = -77*n + 269. Calculate s(4).
-39
Let n(r) = 5*r**3 - 12*r**2 - 28*r + 1. Calculate n(-2).
-31
Let u(a) = 24*a + 1225. Give u(-51).
1
Let n(x) = x**3 - 45*x**2 + 46*x - 81. What is n(44)?
7
Let d(f) = -3*f**3 - 3*f**2 + 8*f + 18. Determine d(-6).
510
Let s(q) = -85*q + 101. What is s(3)?
-154
Let k(z) = -z**2 + 578*z + 13247. Calculate k(-22).
47
Let w(n) = -n**3 + 82*n**2 + 84*n - 77. What is w(83)?
6
Let g(h) = -h**3 + 87*h**2 - 413*h + 250. Give g(82).
4
Let n(v) = 14*v**2 + 15*v + 8. Determine n(-4).
172
Let s(o) = -o**3 - 341*o**2 - 7602*o + 1898. Calculate s(-317).
-4
Let j(d) = 17*d - 878. Determine j(52).
6
Let w(j) = 199*j - 4384. Determine w(22).
-6
Let w(l) = -l**3 + 168*l**2 + 890*l + 119. Determine w(-5).
-6
Let r(f) = 1121*f - 7852. What is r(7)?
-5
Let p(i) = -i**3 + 24*i**2 - 181*i + 445. What is p(12)?
1
Let u(i) = -i**3 - 14*i**2 - 35*i - 38. Give u(-9).
-128
Let q(u) = 3*u**2 + 50*u + 11. Calculate q(-9).
-196
Let s(p) = -p**3 + 8*p**2 + 185*p - 1157. Determine s(6).
25
Let j(w) = -4*w**3 + 10*w**2 - 8. Give j(-3).
190
Let w(l) = l**3 + 20*l**2 + 47*l - 19. Give w(-17).
49
Let r(p) = 5*p**3 - 47*p**2 - 215*p - 7. Determine r(-4).
-219
Let c(g) = 2*g**3 + 71*g**2 + 102*g + 39. Give c(-34).
39
Let x(v) = -v**2 + 23*v - 19. What is x(10)?
111
Let t(y) = 2*y**2 + 86*y + 871. Calculate t(-17).
-13
Let g(x) = 683*x - 10931. Calculate g(16).
-3
Let f(r) = 168*r + 9136. Give f(-54).
64
Let s(v) = 161*v - 830. Determine s(5).
-25
Let w(u) = 10*u**2 - 146*u - 29. Give w(15).
31
Let i(r) = r**3 + 53*r**2 + 45*r - 282. What is i(-52)?
82
Let n(i) = 22*i - 221. What is n(13)?
65
Let s(f) = f**2 - 9*f - 51. Calculate s(14).
19
Let r(m) = -3*m + 268. Give r(70).
58
Let b(r) = 2*r**3 + 22*r**2 + 7*r - 131. What is b(-10)?
-1
Let w(l) = -118*l - 7164. What is w(-61)?
34
Let o(c) = 8*c - 115. Calculate o(15).
5
Let o(k) = -k**3 + 32*k**2 - 157*k + 8. Give o(26).
-18
Let x(q) = 30*q**2 + 1168*q + 11. Calculate x(-39).
89
Let p(x) = -34*x + 172. Calculate p(4).
36
Let w(b) = -1111*b - 9. Give w(0).
-9
Let p(q) = -22*q**2 - 3*q + 34. Calculate p(-5).
-501
Let b(u) = 51*u**2 - u + 1. Calculate b(-1).
53
Let a(h) = 233*h**3 - 34*h**2 + 29*h + 4. Give a(1).
232
Let c(u) = -4*u**3 + 4*u**2 - 11*u + 22. What is c(2)?
-16
Let i(s) = 4*s**3 + 61*s**2 + 116*s - 10. Calculate i(-13).
3
Let d(i) = -161*i - 6952. Determine d(-43).
-29
Let d(l) = 603*l**3 + 9*l**2 + l + 1. Determine d(-1).
-594
Let s(i) = -2*i**2 + 32*i + 117. Give s(14).
173
Let s(l) = -1253*l + 12528. Determine s(10).
-2
Let w(p) = p**3 + 65*p**2 + 299*p + 3. Determine w(-5).
8
Let a(r) = -r**2 - 57*r + 428. Calculate a(6).
50
Let r(s) = -921*s - 5518. Calculate r(-6).
8
Let o(z) = 6*z**2 - 30*z - 16. Give o(5).
-16
Let m(p) = -4*p**2 + 37*p - 168. What is m(7)?
-105
Let r(l) = -88*l + 7308. What is r(83)?
4
Let o(w) = 2*w**2 + 22*w + 15. Give o(-11).
15
Let t(v) = 48*v - 280. Determine t(6).
8
Let f(c) = 53*c - 211. Determine f(7).
160
Let q(c) = -4*c**2 + 763*c - 4582. Calculate q(6).
-148
Let x(w) = w**2 - 136*w - 556. Give x(-4).
4
Let s(o) = -o**3 + 22*o**2 + 74*o + 27. Give s(25).
2
Let y(o) = 5*o**3 - 146*o**2 - 123*o + 44. Calculate y(30).
-46
Let w(n) = 8*n**2 + 15*n - 2. Determine w(-3).
25
Let l(g) = -161*g + 98. What is l(2)?
-224
Let f(j) = -43*j + 264. Calculate f(7).
-37
Let z(a) = 38*a - 5875. What is z(159)?
167
Let s(t) = 2*t**2 + 59*t - 309. What is s(-34)?
-3
Let p(w) = -12*w**2 - 45*w - 11. Determine p(-3).
16
Let o(b) = b**3 - 63*b**2 - 474*b + 119. Calculate o(-7).
7
Let f(d) = -d**3 - 50*d**2 + 163*d + 220. Give f(-53).
8
Let s(v) = v**3 + 4*v**2 - 33*v - 117. Determine s(-4).
15
Let i(f) = -198*f + 4942. Determine i(25).
-8
Let a(x) = -2*x**3 + 36*x**2 + 40*x - 36. What is a(19)?
2
Let k(o) = -71*o + 562. Give k(13).
-361
Let y(w) = -2*w**2 + 43*w - 4. Calculate y(14).
206
Let j(s) = 26*s + 1305. Give j(-52).
-47
Let i(o) = -3*o**3 + 27*o**2 - 14*o - 76. What is i(8)?
4
Let t(v) = -122*v**2 + 3658